33 a factor of 921688990?
False
Is 32344859 a multiple of 266?
False
Is 513991288 a multiple of 2348?
True
Is 1046 a factor of 154821524?
False
Is 126 a factor of 10503390?
False
Is 338831493 a multiple of 85?
False
Does 4005 divide 2792545465?
False
Does 1110 divide 1849931550?
True
Is 31296407 a multiple of 7003?
True
Is 3136136352 a multiple of 32?
True
Does 6 divide 187121705?
False
Does 16 divide 45229767?
False
Does 3964 divide 1355821928?
False
Does 192 divide 1230710539?
False
Is 224364701 a multiple of 39?
False
Is 222476157 a multiple of 213?
True
Is 354 a factor of 183919860?
False
Does 3269 divide 6960171?
False
Is 4 a factor of 928959279?
False
Does 239 divide 368018892?
True
Does 11 divide 29982935?
False
Is 19 a factor of 111239579?
False
Is 572447620 a multiple of 40?
False
Is 849 a factor of 414345599?
False
Is 24 a factor of 52860831?
False
Is 1858 a factor of 122375312?
True
Is 19056555 a multiple of 45?
True
Does 278 divide 34703123?
False
Is 1495 a factor of 76442514?
False
Is 185 a factor of 633474965?
True
Is 13829719 a multiple of 10?
False
Does 124 divide 495685164?
True
Does 25 divide 9829152?
False
Does 839 divide 33076736?
True
Does 41 divide 1068808664?
True
Is 1317896386 a multiple of 43?
False
Is 473818110 a multiple of 7?
False
Is 99 a factor of 94765077?
True
Is 112588069 a multiple of 4620?
False
Does 29 divide 209007276?
False
Does 457 divide 134753305?
True
Is 3 a factor of 980362911?
True
Is 1075 a factor of 29592363?
False
Does 6 divide 99767897?
False
Does 77 divide 1838506796?
False
Is 161 a factor of 109494007?
True
Is 47 a factor of 325940535?
True
Is 2 a factor of 27953979?
False
Does 149 divide 123225980?
True
Does 25 divide 27782162?
False
Does 999 divide 24109534?
False
Is 9389846 a multiple of 4?
False
Is 1089093203 a multiple of 284?
False
Is 11433218 a multiple of 131?
False
Is 38364592 a multiple of 166?
True
Does 132 divide 41759925?
False
Is 70143437 a multiple of 91?
True
Is 192 a factor of 18161908?
False
Is 30022825 a multiple of 35?
True
Does 66 divide 152703804?
True
Is 654 a factor of 265144680?
True
Is 35697420 a multiple of 5?
True
Is 14616822 even?
True
Does 22 divide 1198150272?
True
Is 39026570 a multiple of 209?
True
Does 107 divide 2787457?
True
Is 19544117 a multiple of 53?
False
Is 164076268 a multiple of 2777?
True
Is 3558 a factor of 3984960?
True
Is 258 a factor of 123264165?
False
Is 7814564296 a multiple of 8107?
True
Is 2 a factor of 608133846?
True
Is 4212805295 a multiple of 31?
True
Is 19 a factor of 808075480?
False
Is 12 a factor of 2668632151?
False
Does 28 divide 28207060?
True
Is 725316 a multiple of 8?
False
Is 30363525 a multiple of 15?
True
Is 146568288 a multiple of 17?
True
Is 125 a factor of 296184125?
True
Is 16 a factor of 32860202?
False
Does 895 divide 29803500?
True
Is 30 a factor of 86406019?
False
Does 158 divide 103909790?
False
Is 87 a factor of 8081778?
True
Is 13968468 a multiple of 4015?
False
Is 1075 a factor of 4592749362?
False
Is 1117 a factor of 18675653?
False
Is 322 a factor of 21675340?
False
Is 3564418599 a multiple of 2763?
False
Does 779 divide 2697302363?
False
Is 143 a factor of 831950548?
True
Does 199 divide 129307857?
False
Is 1491425776 a multiple of 311?
False
Does 19 divide 36446294?
True
Does 29 divide 11890667?
True
Is 1826 a factor of 243676048?
True
Is 90 a factor of 476573040?
True
Is 10 a factor of 284677071?
False
Does 31 divide 21813026?
True
Does 25 divide 11038600?
True
Does 29 divide 168273408?
False
Is 43471265 a multiple of 69?
False
Is 564770158 a multiple of 3842?
True
Is 2354 a factor of 216459716?
True
Is 463380065 a multiple of 206?
False
Does 254 divide 2820938574?
False
Does 98 divide 295411984?
True
Is 277963801 a multiple of 27?
False
Does 34 divide 2692184260?
True
Does 11 divide 48694065?
False
Is 2825326 a multiple of 41?
False
Is 533268790 a multiple of 37?
True
Does 72 divide 103121784?
True
Is 54329856 a multiple of 31?
True
Is 20 a factor of 157472755?
False
Is 1080814894 a multiple of 4820?
False
Is 316766772 a multiple of 294?
True
Is 134394372 a multiple of 42?
True
Is 1370986730 a multiple of 12?
False
Is 14397156 a multiple of 218?
True
Does 283 divide 1192220702?
True
Is 66479286 a multiple of 64?
False
Is 17 a factor of 64479810?
True
Does 32 divide 879634656?
True
Does 16 divide 143847954?
False
Does 68 divide 21984550?
False
Does 116 divide 1170216620?
False
Is 4283328 a multiple of 84?
True
Is 8 a factor of 42301162?
False
Is 100014024 a multiple of 381?
True
Does 20 divide 10825450?
False
Is 14797271 a multiple of 308?
False
Is 86394033 a multiple of 14?
False
Is 7449 a factor of 218853609?
False
Does 74 divide 15350930?
True
Is 82 a factor of 327834849?
False
Is 18239000 a multiple of 13?
True
Is 13 a factor of 145740755?
False
Is 2 a factor of 5213173?
False
Does 10 divide 20847191?
False
Is 69 a factor of 34153892?
False
Is 4235 a factor of 107826827?
False
Does 887 divide 69756007?
False
Is 49 a factor of 2913168503?
False
Is 63 a factor of 72278629?
False
Is 22832756 a multiple of 15?
False
Is 18 a factor of 497569536?
True
Is 100 a factor of 29536400?
True
Is 11241720 a multiple of 42?
True
Does 3475 divide 720738788?
False
Is 13 a factor of 176160972?
True
Does 1437 divide 420730608?
True
Is 2461851834 a multiple of 1077?
True
Is 3502645 a multiple of 3?
False
Is 975669208 a multiple of 1306?
False
Is 15 a factor of 401710292?
False
Is 384741051 a multiple of 90?
False
Is 72 a factor of 754790501?
False
Is 1255 a factor of 228581522?
False
Does 15 divide 15704950?
False
Is 33 a factor of 5282442?
True
Does 335 divide 676700?
True
Does 910 divide 84262905?
False
Is 20353025 a multiple of 11?
True
Is 2150 a factor of 163293990?
False
Does 1465 divide 1000552515?
True
Does 25 divide 73597549?
False
Is 50569924 a multiple of 11?
False
Is 138863865 a multiple of 5?
True
Does 86 divide 319883106?
True
Is 140 a factor of 230858109?
False
Is 209 a factor of 27225270?
False
Does 723 divide 77007672?
False
Does 87 divide 994585218?
True
Does 9 divide 43849277?
False
Is 66 a factor of 39080976?
True
Is 1173 a factor of 24634173?
True
Does 25 divide 156059231?
False
Is 129 a factor of 5483328?
False
Is 120 a factor of 432758187?
False
Is 2 a factor of 1409560?
True
Is 1431 a factor of 1450626165?
True
Does 51 divide 258514512?
True
Is 872420824 a multiple of 8?
True
Is 974292008 a multiple of 2693?
False
Is 410 a factor of 452971564?
False
Does 53 divide 1867569321?
True
Does 14841 divide 846515799?
True
Is 93357110 a multiple of 197?
False
Is 543 a factor of 267417195?
False
Is 827662421 a multiple of 206?
False
Does 550 divide 19021750?
True
Does 46 divide 3419303?
False
Is 721877598 a multiple of 39?
True
Is 573870598 a multiple of 14?
True
Does 399 divide 20726364?
False
Is 16 a factor of 331490442?
False
Is 43747539 a multiple of 1077?
False
Does 147 divide 2667609147?
True
Does 16 divide 27773792?
True
Is 286 a factor of 283071646?
True
Is 954 a factor of 507974082?
False
Is 5369 a factor of 2964869180?
True
Is 69808634 a multiple of 23?
True
Is 1084 a factor of 100759968?
True
Is 28 a factor of 187650932?
True
Does 737 divide 12116280?
True
Is 1081920120 a multiple of 6802?
False
Does 17 divide 167304068?
False
Is 58 a factor of 1992339266?
True
Does 27 divide 390998628?
False
Is 34762845 a multiple of 101?
False
Does 173 divide 62073092?
True
Does 120 divide 686701320?
True
Does 7 divide 486887037?
True
Is 12958110 a multiple of 27?
True
Does 10 divide 1218513710?
True
Is 202217796 a multiple of 1662?
False
Does 272 divide 23428033?
False
Is 506 a factor of 800866440?
True
Does 17 divide 703562?
True
Is 8357 a factor of 143723686?
True
Does 473 divide 6874039519?
False
Does 1433 divide 23559681?
False
Is 82 a factor of 54062873?
False
Does 522 divide 8932464?
True
Is 34371720 a multiple of 75?
False
Is 1025 a factor of 2847820644?
False
Is 75180318 a multiple of 1018?
True
Is 2791 a factor of 89579936?
True
Is 22 a factor of 373920415?
False
Is 466725762 a multiple of 18?
True
Does 10 divide 26851670?
True
Does 114 divide 724016957?
False
Does 547 divide 107906143?
True
Does 85 divide 829779860?
True
Is 202 a factor of 6873603480?
True
Is 14 a factor of 205866570?
True
Does 113 di